 a composite number?
False
Suppose -3*g + 41277 = 14901. Suppose -3*u = 3*s - 0*s - 8802, 3*u = -s + g. Is u prime?
False
Is 9/((-135)/(-80705)) - (-6)/9 prime?
True
Suppose -170773 = -r - 4*h, -934147 = -5*r + 2*h - 80458. Is r composite?
False
Let k(s) = s**3 + 37*s**2 - 42*s + 375. Is k(-38) a composite number?
True
Let u(c) = 180*c**2 - 10*c - 22. Let w be u(11). Suppose 6*m - w - 44370 = 0. Is m composite?
False
Let w = 22 + -22. Suppose -l - 751 - 535 = w. Let f = -745 - l. Is f a composite number?
False
Suppose 0 = -3*k + 21, -5*w + 29827 = k + 6655. Is w a composite number?
True
Suppose -4*u - 5*z = -11771692, 132*u = 131*u - 5*z + 2942893. Is u a composite number?
True
Let u(x) = -x**2 - 17*x + 19. Let y be u(-18). Let i(f) = 25*f - 5. Let s be i(y). Suppose 24*a = s*a + 2932. Is a prime?
True
Let t = 149403 - 65914. Is t prime?
False
Let j(v) = v**3 - 6*v**2 + 11*v - 9. Let w be j(4). Suppose 2*d + 7 = 4*d - w*t, 0 = -5*t - 5. Suppose -d*i + 1891 = -0*g + g, -i - 5708 = -3*g. Is g composite?
False
Suppose -179 = 4*b - 219. Is b/(9/(-15726)*16/(-12)) prime?
False
Let d(r) = -r + 12. Let t be d(12). Let u = 191 + -189. Suppose 3*s = u*m - 129 + 52, t = -3*m - 5*s + 87. Is m prime?
False
Let k = 1119715 - 343352. Is k prime?
False
Let a(z) = 60*z**3 - 5*z**2 + 4*z + 3. Let v be a(5). Suppose -3*q + 5*q - 3690 = 4*u, 4*q + u = v. Is q a prime number?
False
Let w = 447 + -455. Is (3778 - w)/(5 - 3) a prime number?
False
Suppose v + 3*x + 2 = 0, 5*x + 17 = 2*v - 23. Suppose v*d - 17304 = -1634. Is d composite?
False
Let v(d) = -32*d - 53. Let u(p) = p**3 - 29*p**2 + 55*p - 35. Let m be u(27). Is v(m) a composite number?
True
Suppose 4*p + l = 10, -2*p + 16 = -0*p - 5*l. Suppose -p*a + 2*f = -6445, 4*a - f - 4*f - 8598 = 0. Is a composite?
True
Suppose -c - c + 966 = 0. Let s be 23/((-161)/609)*(-4)/6. Let d = c + s. Is d prime?
True
Let w(a) = -614*a - 879. Is w(-43) a composite number?
False
Let p(i) = -31262*i - 6961. Is p(-6) composite?
True
Let t(q) = -q**2 - 4*q + 1. Let o be t(-2). Let h be (2 - -1) + (o - -69). Let g = h + -26. Is g prime?
False
Is (-916658)/(-3) - ((-6)/(-7) - 323/(-399)) a composite number?
False
Let q be (-63158)/(-2) - (-4)/(-4). Suppose 37*b - q - 74945 = 0. Is b a composite number?
False
Let u = 2023 + -1390. Suppose 5*c - 335 - 3305 = 0. Let w = u + c. Is w composite?
False
Let q(d) = -4*d**3 - 7*d**3 + 9 - 3*d + 6*d**2 - 5*d**3 + 15*d**3. Let i be q(6). Let p(k) = -2*k**2 - 24*k - 1. Is p(i) prime?
True
Is 7/(((-63)/2462502)/((-9)/6)) prime?
False
Let a(m) = m**3 + 22*m**2 + 40*m - 10. Let h be a(-19). Suppose h*i + 4177 = 314*i. Is i a composite number?
False
Suppose 2*q = -q + 615. Let y = -300 - -306. Suppose x - q = y. Is x composite?
False
Is (-54)/(-48) - 4020285/(-24) a prime number?
False
Let g be (-2)/8 - (-9)/4. Let p = -3744 + 3748. Suppose 4771 = 5*i - 0*n - g*n, p*i = -n + 3809. Is i a composite number?
False
Let s = -56 - -56. Suppose -6*t + 7*t - 11 = s. Suppose 0 = -5*p + 3*q + 5699, -9*p - 4*q = -t*p + 2274. Is p composite?
True
Let z(w) = 56*w - 11. Let i = -18 - -23. Suppose -j - 12 = -i*y - 4*j, -10 = -5*y - 5*j. Is z(y) composite?
False
Suppose 4321 - 1421 = 25*g. Suppose 118*m = g*m + 16106. Is m prime?
True
Suppose 127*y - 115*y - 156 = 0. Suppose -d + 831 = -2*a, -3259 = 9*d - y*d - 5*a. Is d composite?
False
Let k be (-5521)/3*(-1 - 2). Let w = 223 - 2631. Let u = k + w. Is u a prime number?
False
Suppose 25 = 5*c, -c + 7 = -3*h + c. Is -3 - (h + 4 - 3497) a composite number?
True
Let m = -88 - -83. Is 21/105 + (-2044)/m prime?
True
Let q(c) = 4*c + 21 + 2*c + c + c**2 - 14. Let y be q(-5). Is (-2 - y)*(-1 - -950) composite?
True
Is (15 + 3)/36*361142 composite?
True
Let b = -52105 - -97692. Is b a composite number?
False
Is 33/(1782/2341521) + 2/(-4) prime?
False
Is 201720/((-48)/(-4)) - -13 a prime number?
True
Suppose 7*f = g - 700359, -g = 5*f - 814841 + 114578. Is g composite?
False
Let s(z) = -117079*z + 3811. Is s(-6) prime?
False
Let d(j) = 10814*j - 2147. Is d(5) prime?
False
Let r = -1506 + 17003. Is r composite?
False
Let u be (-4)/(-4 + -4)*1*10. Is (-12784 + -1)*(-5)/u a composite number?
True
Let f be (-5)/((-50)/(-14635))*-74. Suppose f = 7*a + 30*a. Is a prime?
True
Suppose -3*j + 45 = 3*t, -48 = -3*j - t - 11. Suppose -w = -2*y + 8 + 4, y + 2*w - j = 0. Suppose -y*r = -3*r - 5444. Is r a composite number?
False
Suppose 41*m = 38*m + 1011. Let s(v) = -v**2 + 4*v + 12. Let z be s(-8). Let y = z + m. Is y a composite number?
True
Let c(z) = 135395*z - 657. Is c(1) prime?
False
Let c(v) = 39084*v**2 - 20*v + 21. Suppose 0 = 10*a + 11*a - 21. Is c(a) composite?
True
Is 14/2 + -21 + 337279 + -22 prime?
False
Suppose 4*b - 502 = 2*b. Suppose 2*a + b = 3*j, -2*a = -4*j - 3*a + 353. Let c = j - 28. Is c prime?
True
Suppose 2*t - 4 = 28. Suppose 8*k - t*k = -23192. Is k prime?
False
Let s be (4/(-16)*-4)/(-1) + 4183. Suppose 2*w = 8*w - s. Is w a composite number?
True
Let r(m) = -3*m - 7. Let n be r(-4). Suppose -1592 = -n*o - 4252. Let l = o + 1019. Is l a composite number?
False
Let n(t) = t**3 - t**2 - 2*t - 2. Let f be n(3). Let s = f + -7. Suppose -x - 2 = 0, 2*x + 1552 + 741 = s*c. Is c prime?
False
Let w(x) = 17*x - 336. Let p be w(20). Let h = 1 + -3. Is (-89)/(h/26 + 4 - p) a prime number?
False
Let n = 28 + -27. Let b(w) = w**3 - 3*w**2 + 2*w. Let q be b(n). Suppose -2*z - 817 = -2*d + 441, -2*d - 3*z + 1258 = q. Is d a prime number?
False
Let b = -253795 - -1723004. Is b prime?
False
Let i = 240 - 194. Suppose -i*n + 45269 = -39*n. Is n composite?
True
Let c = -47213 + 96060. Is c prime?
True
Suppose 3*n = -4*p + 31, 0 = 2*n - 13 + 3. Suppose -4*b + 6*b - 3086 = 0. Suppose -p*u + b = -3*u. Is u prime?
True
Suppose 0 = 5*j - 3*i - 9, -j + 19*i + 9 = 16*i. Suppose 5*b + 2*n - 42511 = j, -2*n + 8507 = b - 0*b. Is b a prime number?
True
Let r be 200/350 - 3/(-7). Is (-2 - 1) + 2410 + 0/r composite?
True
Let a = 218 - 215. Suppose 6*m = 4*k + k + 12339, a*k + 2050 = m. Is m a prime number?
False
Let k = -84 + 29. Let p = k + 53. Is (1/p)/((-18)/16812) a prime number?
True
Suppose 121 = o + 97. Suppose o*s - 86385 = 12279. Is s a prime number?
True
Let t(f) = 11566*f**2 - 273*f - 3. Is t(-2) prime?
True
Let c(p) = -1080*p - 28. Let x be 6*(-5)/((-60)/(-8)). Let k be c(x). Suppose -3*o = 5*i - k, 0*i - 3441 = -4*i + 5*o. Is i prime?
True
Is (3 - (1 + (-10)/(-3)))/(12/(-643743)) composite?
False
Suppose -4*i + 27061 = 3*j, 43*j - 27073 = 40*j + 2*i. Is j a composite number?
True
Let t = 12702 + -7663. Is t prime?
True
Let z = 684558 + -101749. Is z prime?
True
Is (820563 + 14 - 15) + -3 prime?
True
Is ((-14528293)/39 - 9)/((-4)/3) prime?
True
Let t(g) = -23737*g - 2154. Is t(-5) a prime number?
True
Suppose 7*s = s - 12. Let i be (-2)/(((-6)/(-60))/(1/s)). Suppose i*l = l + 12411. Is l a composite number?
True
Suppose -3*r + 137070 + 90843 = 0. Is r composite?
True
Suppose -793424 - 192546 = -2*a. Is a composite?
True
Suppose -906115 = -5*v + 5*g, 3*v - 389*g + 392*g - 543669 = 0. Is v a composite number?
True
Let n(v) = v**3 - 5*v**2 + v + 11. Let b be n(3). Is b/((-120)/49518) - 6/(-15) a prime number?
False
Suppose u = -4*y + 3*y + 2, -14 = -5*u - 3*y. Let o be (-3162)/u*(-56)/42. Suppose 3*l - 4201 = -o. Is l a composite number?
False
Let u be ((-5761)/14)/(1*(-1)/20). Let c = u - 3889. Is c prime?
False
Let k = 76945 + -42692. Is k a composite number?
False
Is (6/(42/1049951))/(-10 + 11) prime?
True
Let m(t) = 29*t**2 + 39*t + 38. Let a(x) = 15*x**2 + 20*x + 19. Let y(s) = -5*a(s) + 3*m(s). Is y(-16) composite?
False
Suppose -15*f = -20*f + 735. Suppose -f + 3 = k. Is 5335/6 - 6*(-4)/k composite?
True
Let j(y) = y**2 - 10*y - 19. Let a be j(13). Suppose -2*q + a = -7*q, 3*f = 5*q + 25991. Is f a prime number?
False
Suppose 56*i = 61*i - 15. Suppose -3*p + 11 + 4 = 0, -2*r + 11147 = -i*p. Is r a prime number?
True
Let n(h) be the third derivative of 0*h - 5/2*h**3 + 2*h**2 + 0 - 47/8*h**4. Is n(-6) a prime number?
False
Let z = -420066 + 623779. Is z a composite number?
False
Suppose -21*b - 6748 + 124831 = 0. Is b a prime number?
True
Is ((-341)/33 - -11)*1208463/2 composite?
True
Is 30/6 - (-94866 - 2) a prime number?
True
Is ((-9381816)/(-288))/(2/24) a composi